{"id":5781,"date":"2026-03-13T14:28:09","date_gmt":"2026-03-13T13:28:09","guid":{"rendered":"https:\/\/dvd-vratisinec.hr\/?page_id=5781"},"modified":"2026-03-13T20:23:59","modified_gmt":"2026-03-13T19:23:59","slug":"zapovjednistvo","status":"publish","type":"page","link":"https:\/\/dvd-vratisinec.hr\/?page_id=5781","title":{"rendered":"Zapovjedni\u0161tvo"},"content":{"rendered":"\n<p>Zapovjedni\u0161tvo izabrano na mandat od 5. godina od 28.02.2026. godine<\/p>\n\n\n\n<figure class=\"wp-block-table\"><table class=\"has-fixed-layout\"><tbody><tr><td class=\"has-text-align-center\" data-align=\"center\" rowspan=\"4\"><img loading=\"lazy\" decoding=\"async\" src=\"https:\/\/dvd-vratisinec.hr\/wp-content\/uploads\/2026\/03\/MG.png\" alt=\"\" width=\"156\" height=\"200\"><\/td><td class=\"has-text-align-center\" data-align=\"center\"><strong>Ime i prezime:<\/strong>&nbsp;Mihael Grbavec<\/td><\/tr><tr><td class=\"has-text-align-center\" data-align=\"center\"><strong>Datum ro\u0111enja: <\/strong>18.11.1988.<\/td><\/tr><tr><td class=\"has-text-align-center\" data-align=\"center\"><strong>Zvanje:<\/strong> vatrogasni \u010dasnik I.klase<\/td><\/tr><tr><td class=\"has-text-align-center\" data-align=\"center\"><strong>Du\u017enost:<\/strong>&nbsp;zapovjednik<\/td><\/tr><\/tbody><\/table><\/figure>\n\n\n\n<figure class=\"wp-block-table\"><table class=\"has-fixed-layout\"><tbody><tr><td class=\"has-text-align-center\" data-align=\"center\" rowspan=\"4\"><img loading=\"lazy\" decoding=\"async\" src=\"https:\/\/dvd-vratisinec.hr\/wp-content\/uploads\/2026\/03\/AK.png\" alt=\"\" width=\"156\" height=\"200\"><\/td><td class=\"has-text-align-center\" data-align=\"center\"><strong>Ime i prezime:<\/strong>&nbsp;Andrija Kvakan<\/td><\/tr><tr><td class=\"has-text-align-center\" data-align=\"center\"><strong>Datum ro\u0111enja: <\/strong>01.11.1990.<\/td><\/tr><tr><td class=\"has-text-align-center\" data-align=\"center\"><strong>Zvanje:<\/strong> vatrogasni \u010dasnik I.klase<\/td><\/tr><tr><td class=\"has-text-align-center\" data-align=\"center\"><strong>Du\u017enost:<\/strong>&nbsp;zamjenik zapovjednika<\/td><\/tr><\/tbody><\/table><\/figure>\n\n\n\n<figure class=\"wp-block-table\"><table class=\"has-fixed-layout\"><tbody><tr><td class=\"has-text-align-center\" data-align=\"center\" rowspan=\"4\"><img loading=\"lazy\" decoding=\"async\" src=\"https:\/\/dvd-vratisinec.hr\/wp-content\/uploads\/2018\/03\/messi.png\" alt=\"\" width=\"156\" height=\"200\"><\/td><td class=\"has-text-align-center\" data-align=\"center\"><strong>Ime i prezime:<\/strong>&nbsp;Magdalena \u0160olti\u0107<\/td><\/tr><tr><td class=\"has-text-align-center\" data-align=\"center\"><strong>Datum ro\u0111enja: <\/strong>17.09.1992.<\/td><\/tr><tr><td class=\"has-text-align-center\" data-align=\"center\"><strong>Zvanje:<\/strong> vatrogasna \u010dasnica I. klase<\/td><\/tr><tr><td class=\"has-text-align-center\" data-align=\"center\"><strong>Du\u017enost:<\/strong>\u00a0tajnica, \u010dlanica zapovjedni\u0161tva<\/td><\/tr><\/tbody><\/table><\/figure>\n\n\n\n<figure class=\"wp-block-table\"><table class=\"has-fixed-layout\"><tbody><tr><td class=\"has-text-align-center\" data-align=\"center\" rowspan=\"4\"><img loading=\"lazy\" decoding=\"async\" src=\"https:\/\/dvd-vratisinec.hr\/wp-content\/uploads\/2026\/03\/SS.png\" alt=\"\" width=\"156\" height=\"200\"><\/td><td class=\"has-text-align-center\" data-align=\"center\"><strong>Ime i prezime:<\/strong> Samuel \u0160ari\u0107<\/td><\/tr><tr><td class=\"has-text-align-center\" data-align=\"center\"><strong>Datum ro\u0111enja: <\/strong>27.04.2005.<\/td><\/tr><tr><td class=\"has-text-align-center\" data-align=\"center\"><strong>Zvanje:<\/strong> vatrogasac I. klase<\/td><\/tr><tr><td class=\"has-text-align-center\" data-align=\"center\"><strong>Du\u017enost:<\/strong> spremi\u0161tar, \u010dlan zapovjedni\u0161tva<\/td><\/tr><\/tbody><\/table><\/figure>\n\n\n\n<figure class=\"wp-block-table\"><table class=\"has-fixed-layout\"><tbody><tr><td class=\"has-text-align-center\" data-align=\"center\" rowspan=\"4\"><img loading=\"lazy\" decoding=\"async\" width=\"150\" height=\"192\" class=\"wp-image-5783\" style=\"width: 150px;\" src=\"https:\/\/dvd-vratisinec.hr\/wp-content\/uploads\/2026\/03\/VH.png\" alt=\"\"><\/td><td class=\"has-text-align-center\" data-align=\"center\"><strong>Ime i prezime:<\/strong> Vanja Horvat<\/td><\/tr><tr><td class=\"has-text-align-center\" data-align=\"center\"><strong>Datum ro\u0111enja: <\/strong>26.03.1993.<\/td><\/tr><tr><td class=\"has-text-align-center\" data-align=\"center\"><strong>Zvanje:<\/strong> vatrogasac I. klase<\/td><\/tr><tr><td class=\"has-text-align-center\" data-align=\"center\"><strong>Du\u017enost:<\/strong> \u010dlan zapovjedni\u0161tva<\/td><\/tr><\/tbody><\/table><\/figure>\n","protected":false},"excerpt":{"rendered":"<p>Zapovjedni\u0161tvo izabrano na mandat od 5. godina od 28.02.2026. godine Ime i prezime:&nbsp;Mihael Grbavec Datum ro\u0111enja: 18.11.1988. Zvanje: vatrogasni \u010dasnik I.klase Du\u017enost:&nbsp;zapovjednik Ime i prezime:&nbsp;Andrija Kvakan Datum ro\u0111enja: 01.11.1990. Zvanje: vatrogasni \u010dasnik I.klase Du\u017enost:&nbsp;zamjenik zapovjednika Ime i prezime:&nbsp;Magdalena \u0160olti\u0107 Datum ro\u0111enja: 17.09.1992. Zvanje: vatrogasna \u010dasnica I. klase Du\u017enost:\u00a0tajnica, \u010dlanica zapovjedni\u0161tva Ime i prezime: Samuel \u0160ari\u0107 [&hellip;]<\/p>\n","protected":false},"author":1,"featured_media":0,"parent":0,"menu_order":0,"comment_status":"closed","ping_status":"closed","template":"","meta":{"rop_custom_images_group":[],"rop_custom_messages_group":[],"rop_publish_now":"initial","rop_publish_now_accounts":[],"rop_publish_now_history":[],"rop_publish_now_status":"pending","ngg_post_thumbnail":0,"footnotes":""},"class_list":["post-5781","page","type-page","status-publish","hentry"],"_links":{"self":[{"href":"https:\/\/dvd-vratisinec.hr\/index.php?rest_route=\/wp\/v2\/pages\/5781","targetHints":{"allow":["GET"]}}],"collection":[{"href":"https:\/\/dvd-vratisinec.hr\/index.php?rest_route=\/wp\/v2\/pages"}],"about":[{"href":"https:\/\/dvd-vratisinec.hr\/index.php?rest_route=\/wp\/v2\/types\/page"}],"author":[{"embeddable":true,"href":"https:\/\/dvd-vratisinec.hr\/index.php?rest_route=\/wp\/v2\/users\/1"}],"replies":[{"embeddable":true,"href":"https:\/\/dvd-vratisinec.hr\/index.php?rest_route=%2Fwp%2Fv2%2Fcomments&post=5781"}],"version-history":[{"count":3,"href":"https:\/\/dvd-vratisinec.hr\/index.php?rest_route=\/wp\/v2\/pages\/5781\/revisions"}],"predecessor-version":[{"id":5803,"href":"https:\/\/dvd-vratisinec.hr\/index.php?rest_route=\/wp\/v2\/pages\/5781\/revisions\/5803"}],"wp:attachment":[{"href":"https:\/\/dvd-vratisinec.hr\/index.php?rest_route=%2Fwp%2Fv2%2Fmedia&parent=5781"}],"curies":[{"name":"wp","href":"https:\/\/api.w.org\/{rel}","templated":true}]}}

Zapovjedništvo

<p>Zapovjedništvo izabrano na mandat od 5. godina od 28.02.2026. godine</p>



<figure class="wp-block-table"><table class="has-fixed-layout"><tbody><tr><td class="has-text-align-center" data-align="center" rowspan="4"><img loading="lazy" decoding="async" src="https://dvd-vratisinec.hr/wp-content/uploads/2026/03/MG.png" alt="" width="156" height="200"></td><td class="has-text-align-center" data-align="center"><strong>Ime i prezime:</strong>&nbsp;Mihael Grbavec</td></tr><tr><td class="has-text-align-center" data-align="center"><strong>Datum rođenja: </strong>18.11.1988.</td></tr><tr><td class="has-text-align-center" data-align="center"><strong>Zvanje:</strong> vatrogasni časnik I.klase</td></tr><tr><td class="has-text-align-center" data-align="center"><strong>Dužnost:</strong>&nbsp;zapovjednik</td></tr></tbody></table></figure>



<figure class="wp-block-table"><table class="has-fixed-layout"><tbody><tr><td class="has-text-align-center" data-align="center" rowspan="4"><img loading="lazy" decoding="async" src="https://dvd-vratisinec.hr/wp-content/uploads/2026/03/AK.png" alt="" width="156" height="200"></td><td class="has-text-align-center" data-align="center"><strong>Ime i prezime:</strong>&nbsp;Andrija Kvakan</td></tr><tr><td class="has-text-align-center" data-align="center"><strong>Datum rođenja: </strong>01.11.1990.</td></tr><tr><td class="has-text-align-center" data-align="center"><strong>Zvanje:</strong> vatrogasni časnik I.klase</td></tr><tr><td class="has-text-align-center" data-align="center"><strong>Dužnost:</strong>&nbsp;zamjenik zapovjednika</td></tr></tbody></table></figure>



<figure class="wp-block-table"><table class="has-fixed-layout"><tbody><tr><td class="has-text-align-center" data-align="center" rowspan="4"><img loading="lazy" decoding="async" src="https://dvd-vratisinec.hr/wp-content/uploads/2018/03/messi.png" alt="" width="156" height="200"></td><td class="has-text-align-center" data-align="center"><strong>Ime i prezime:</strong>&nbsp;Magdalena Šoltić</td></tr><tr><td class="has-text-align-center" data-align="center"><strong>Datum rođenja: </strong>17.09.1992.</td></tr><tr><td class="has-text-align-center" data-align="center"><strong>Zvanje:</strong> vatrogasna časnica I. klase</td></tr><tr><td class="has-text-align-center" data-align="center"><strong>Dužnost:</strong> tajnica, članica zapovjedništva</td></tr></tbody></table></figure>



<figure class="wp-block-table"><table class="has-fixed-layout"><tbody><tr><td class="has-text-align-center" data-align="center" rowspan="4"><img loading="lazy" decoding="async" src="https://dvd-vratisinec.hr/wp-content/uploads/2026/03/SS.png" alt="" width="156" height="200"></td><td class="has-text-align-center" data-align="center"><strong>Ime i prezime:</strong> Samuel Šarić</td></tr><tr><td class="has-text-align-center" data-align="center"><strong>Datum rođenja: </strong>27.04.2005.</td></tr><tr><td class="has-text-align-center" data-align="center"><strong>Zvanje:</strong> vatrogasac I. klase</td></tr><tr><td class="has-text-align-center" data-align="center"><strong>Dužnost:</strong> spremištar, član zapovjedništva</td></tr></tbody></table></figure>



<figure class="wp-block-table"><table class="has-fixed-layout"><tbody><tr><td class="has-text-align-center" data-align="center" rowspan="4"><img loading="lazy" decoding="async" width="150" height="192" class="wp-image-5783" style="width: 150px;" src="https://dvd-vratisinec.hr/wp-content/uploads/2026/03/VH.png" alt=""></td><td class="has-text-align-center" data-align="center"><strong>Ime i prezime:</strong> Vanja Horvat</td></tr><tr><td class="has-text-align-center" data-align="center"><strong>Datum rođenja: </strong>26.03.1993.</td></tr><tr><td class="has-text-align-center" data-align="center"><strong>Zvanje:</strong> vatrogasac I. klase</td></tr><tr><td class="has-text-align-center" data-align="center"><strong>Dužnost:</strong> član zapovjedništva</td></tr></tbody></table></figure>

<p>Zapovjedništvo izabrano na mandat od 5. godina od 28.02.2026. godine Ime i prezime:&nbsp;Mihael Grbavec Datum rođenja: 18.11.1988. Zvanje: vatrogasni časnik I.klase Dužnost:&nbsp;zapovjednik Ime i prezime:&nbsp;Andrija Kvakan Datum rođenja: 01.11.1990. Zvanje: vatrogasni časnik I.klase Dužnost:&nbsp;zamjenik zapovjednika Ime i prezime:&nbsp;Magdalena Šoltić Datum rođenja: 17.09.1992. Zvanje: vatrogasna časnica I. klase Dužnost: tajnica, članica zapovjedništva Ime i prezime: Samuel Šarić [&hellip;]</p>
