{"id":31,"date":"2013-11-25T21:23:38","date_gmt":"2013-11-25T21:23:38","guid":{"rendered":"http:\/\/dvd-vratisinec.hr\/?page_id=31"},"modified":"2026-03-20T15:22:39","modified_gmt":"2026-03-20T14:22:39","slug":"upravni-odbor","status":"publish","type":"page","link":"https:\/\/dvd-vratisinec.hr\/?page_id=31","title":{"rendered":"Upravni odbor"},"content":{"rendered":"<table width=\"625\">\n<tbody>\n<tr>\n<td rowspan=\"4\" width=\"292\"><img loading=\"lazy\" decoding=\"async\" class=\"alignnone size-full wp-image-5770 aligncenter\" src=\"https:\/\/dvd-vratisinec.hr\/wp-content\/uploads\/2026\/03\/BP.png\" alt=\"\" width=\"156\" height=\"200\"><\/td>\n<td width=\"333\"><strong>Ime i prezime:<\/strong> Bernard Podgorelec<\/td>\n<\/tr>\n<tr>\n<td width=\"333\"><strong>Datum ro\u0111enja: <\/strong>07.09.1987.<\/td>\n<\/tr>\n<tr>\n<td width=\"333\"><strong>Zvanje:<\/strong> vatrogasni do\u010dasnik I.klase<\/td>\n<\/tr>\n<tr>\n<td width=\"333\"><strong>Du\u017enost:<\/strong> predsjednik<\/td>\n<\/tr>\n<\/tbody>\n<\/table>\n<p>&nbsp;<\/p>\n<table width=\"625\">\n<tbody>\n<tr>\n<td rowspan=\"4\" width=\"292\"><img loading=\"lazy\" decoding=\"async\" class=\"alignnone size-full wp-image-5771 aligncenter\" src=\"https:\/\/dvd-vratisinec.hr\/wp-content\/uploads\/2026\/03\/AG.png\" alt=\"\" width=\"156\" height=\"200\">&nbsp;<\/td>\n<td width=\"333\"><strong>Ime i prezime:<\/strong> Antonija Grbavec<\/td>\n<\/tr>\n<tr>\n<td width=\"333\"><strong>Datum ro\u0111enja: <\/strong>16.09.1993.<\/td>\n<\/tr>\n<tr>\n<td width=\"333\"><strong>Zvanje:<\/strong> vatrogasna \u010dasnica I. klase<\/td>\n<\/tr>\n<tr>\n<td width=\"333\"><strong>Du\u017enost:<\/strong> potpredsjednica<\/td>\n<\/tr>\n<\/tbody>\n<\/table>\n<p>&nbsp;<\/p>\n<table width=\"625\">\n<tbody>\n<tr>\n<td rowspan=\"4\" width=\"292\"><img loading=\"lazy\" decoding=\"async\" class=\"alignnone size-full wp-image-5773 aligncenter\" src=\"https:\/\/dvd-vratisinec.hr\/wp-content\/uploads\/2026\/03\/MG.png\" alt=\"\" width=\"156\" height=\"200\"><\/td>\n<td width=\"333\"><strong>Ime i prezime:<\/strong>&nbsp;Mihael Grbavec<\/td>\n<\/tr>\n<tr>\n<td width=\"333\"><strong>Datum ro\u0111enja: <\/strong>18.11.1988.<\/td>\n<\/tr>\n<tr>\n<td width=\"333\"><strong>Zvanje:<\/strong> vatrogasni \u010dasnik I.klase<\/td>\n<\/tr>\n<tr>\n<td width=\"333\"><strong>Du\u017enost:<\/strong>&nbsp;zapovjednik<\/td>\n<\/tr>\n<\/tbody>\n<\/table>\n<p>&nbsp;<\/p>\n<table width=\"625\">\n<tbody>\n<tr>\n<td rowspan=\"4\" width=\"292\"><img loading=\"lazy\" decoding=\"async\" class=\"alignnone size-full wp-image-5772 aligncenter\" src=\"https:\/\/dvd-vratisinec.hr\/wp-content\/uploads\/2026\/03\/AK.png\" alt=\"\" width=\"156\" height=\"200\"><\/td>\n<td width=\"333\"><strong>Ime i prezime:<\/strong>&nbsp;Andrija Kvakan<\/td>\n<\/tr>\n<tr>\n<td width=\"333\"><strong>Datum ro\u0111enja: <\/strong>01.11.1990.<\/td>\n<\/tr>\n<tr>\n<td width=\"333\"><strong>Zvanje:<\/strong> vatrogasni \u010dasnik I.klase<\/td>\n<\/tr>\n<tr>\n<td width=\"333\"><strong>Du\u017enost:<\/strong>&nbsp;zamjenik zapovjednika<\/td>\n<\/tr>\n<\/tbody>\n<\/table>\n<p>&nbsp;<\/p>\n<table width=\"637\">\n<tbody>\n<tr>\n<td rowspan=\"4\" width=\"292\"><img loading=\"lazy\" decoding=\"async\" class=\"size-full wp-image-3946 aligncenter\" src=\"https:\/\/dvd-vratisinec.hr\/wp-content\/uploads\/2018\/03\/messi.png\" alt=\"\" width=\"156\" height=\"200\"><\/td>\n<td width=\"333\"><strong>Ime i prezime:<\/strong>&nbsp;Magdalena \u0160olti\u0107<\/td>\n<\/tr>\n<tr>\n<td width=\"333\"><strong>Datum ro\u0111enja: <\/strong>17.09.1992.<\/td>\n<\/tr>\n<tr>\n<td width=\"333\"><strong>Zvanje:<\/strong> vatrogasna \u010dasnica I. klase<\/td>\n<\/tr>\n<tr>\n<td width=\"333\"><strong>Du\u017enost:<\/strong>&nbsp;tajnica<\/td>\n<\/tr>\n<\/tbody>\n<\/table>\n<p>&nbsp;<\/p>\n<table width=\"625\">\n<tbody>\n<tr>\n<td rowspan=\"4\" width=\"292\"><img loading=\"lazy\" decoding=\"async\" class=\"alignnone size-full wp-image-5777 aligncenter\" src=\"https:\/\/dvd-vratisinec.hr\/wp-content\/uploads\/2026\/03\/SS.png\" alt=\"\" width=\"156\" height=\"200\"><\/td>\n<td width=\"333\"><strong>Ime i prezime:<\/strong> Samuel \u0160ari\u0107<\/td>\n<\/tr>\n<tr>\n<td width=\"333\"><strong>Datum ro\u0111enja: <\/strong>27.04.2005.<\/td>\n<\/tr>\n<tr>\n<td width=\"333\"><strong>Zvanje:<\/strong> vatrogasac I. klase<\/td>\n<\/tr>\n<tr>\n<td width=\"333\"><strong>Du\u017enost:<\/strong> blagajnik<\/td>\n<\/tr>\n<\/tbody>\n<\/table>\n<p>&nbsp;<\/p>\n<table width=\"625\">\n<tbody>\n<tr>\n<td rowspan=\"4\" width=\"292\"><img loading=\"lazy\" decoding=\"async\" class=\"alignnone size-full wp-image-5776 aligncenter\" src=\"https:\/\/dvd-vratisinec.hr\/wp-content\/uploads\/2026\/03\/SK.png\" alt=\"\" width=\"156\" height=\"200\"><\/td>\n<td width=\"333\"><strong>Ime i prezime:<\/strong> Stjepan Kozar<\/td>\n<\/tr>\n<tr>\n<td width=\"333\"><strong>Datum ro\u0111enja: <\/strong>18.12.1955.<\/td>\n<\/tr>\n<tr>\n<td width=\"333\"><strong>Zvanje:<\/strong> vatrogasni do\u010dasnik I. klase<\/td>\n<\/tr>\n<tr>\n<td width=\"333\"><strong>Du\u017enost:<\/strong> \u010dlan U.O.<\/td>\n<\/tr>\n<\/tbody>\n<\/table>\n<p>&nbsp;<\/p>\n<table width=\"625\">\n<tbody>\n<tr>\n<td rowspan=\"4\" width=\"292\"><img loading=\"lazy\" decoding=\"async\" class=\"size-full wp-image-5775 aligncenter\" src=\"https:\/\/dvd-vratisinec.hr\/wp-content\/uploads\/2026\/03\/RB.png\" alt=\"\" width=\"156\" height=\"200\"><\/td>\n<td width=\"333\"><strong>Ime i prezime:<\/strong>&nbsp;Roberta Benc<\/td>\n<\/tr>\n<tr>\n<td width=\"333\"><strong>Datum ro\u0111enja: <\/strong>28.10.1982.<\/td>\n<\/tr>\n<tr>\n<td width=\"333\"><strong>Zvanje:<\/strong> vatrogasac I.klase<\/td>\n<\/tr>\n<tr>\n<td width=\"333\"><strong>Du\u017enost: <\/strong>\u010dlan U.O.<\/td>\n<\/tr>\n<\/tbody>\n<\/table>\n<p>&nbsp;<\/p>\n<table width=\"625\">\n<tbody>\n<tr>\n<td rowspan=\"4\" width=\"292\"><img loading=\"lazy\" decoding=\"async\" class=\"alignnone size-full wp-image-5763 aligncenter\" src=\"https:\/\/dvd-vratisinec.hr\/wp-content\/uploads\/2026\/03\/8e6bc3baff494f39b09ed51a1e7765eb.png\" alt=\"\" width=\"156\" height=\"200\"><\/td>\n<td width=\"333\"><strong>Ime i prezime:<\/strong> Katarina Petak<\/td>\n<\/tr>\n<tr>\n<td width=\"333\"><strong>Datum ro\u0111enja: <\/strong>27.10.2005.<\/td>\n<\/tr>\n<tr>\n<td width=\"333\"><strong>Zvanje:<\/strong> vatrogasac I.klase<\/td>\n<\/tr>\n<tr>\n<td width=\"333\"><strong>Du\u017enost: <\/strong>\u010dlan U.O.<\/td>\n<\/tr>\n<\/tbody>\n<\/table>\n<p>&nbsp;<\/p>\n\n\n<figure class=\"wp-block-image size-large\"><img loading=\"lazy\" decoding=\"async\" width=\"1024\" height=\"1024\" src=\"https:\/\/dvd-vratisinec.hr\/wp-content\/uploads\/2026\/03\/13746-1024x1024.png\" alt=\"\" class=\"wp-image-5808\" srcset=\"https:\/\/dvd-vratisinec.hr\/wp-content\/uploads\/2026\/03\/13746-1024x1024.png 1024w, https:\/\/dvd-vratisinec.hr\/wp-content\/uploads\/2026\/03\/13746-300x300.png 300w, https:\/\/dvd-vratisinec.hr\/wp-content\/uploads\/2026\/03\/13746-150x150.png 150w, https:\/\/dvd-vratisinec.hr\/wp-content\/uploads\/2026\/03\/13746-1536x1536.png 1536w, https:\/\/dvd-vratisinec.hr\/wp-content\/uploads\/2026\/03\/13746-2048x2048.png 2048w\" sizes=\"auto, (max-width: 1024px) 100vw, 1024px\" \/><\/figure>\n\n\n\n<p><\/p>\n","protected":false},"excerpt":{"rendered":"<p>Ime i prezime: Bernard Podgorelec Datum ro\u0111enja: 07.09.1987. Zvanje: vatrogasni do\u010dasnik I.klase Du\u017enost: predsjednik &nbsp; &nbsp; Ime i prezime: Antonija Grbavec Datum ro\u0111enja: 16.09.1993. Zvanje: vatrogasna \u010dasnica I. klase Du\u017enost: potpredsjednica &nbsp; Ime i prezime:&nbsp;Mihael Grbavec Datum ro\u0111enja: 18.11.1988. Zvanje: vatrogasni \u010dasnik I.klase Du\u017enost:&nbsp;zapovjednik &nbsp; Ime i prezime:&nbsp;Andrija Kvakan Datum ro\u0111enja: 01.11.1990. Zvanje: vatrogasni \u010dasnik [&hellip;]<\/p>\n","protected":false},"author":1,"featured_media":0,"parent":0,"menu_order":0,"comment_status":"open","ping_status":"open","template":"","meta":{"rop_custom_images_group":[],"rop_custom_messages_group":[],"rop_publish_now":"initial","rop_publish_now_accounts":[],"rop_publish_now_history":[],"rop_publish_now_status":"pending","ngg_post_thumbnail":0,"footnotes":""},"class_list":["post-31","page","type-page","status-publish","hentry"],"_links":{"self":[{"href":"https:\/\/dvd-vratisinec.hr\/index.php?rest_route=\/wp\/v2\/pages\/31","targetHints":{"allow":["GET"]}}],"collection":[{"href":"https:\/\/dvd-vratisinec.hr\/index.php?rest_route=\/wp\/v2\/pages"}],"about":[{"href":"https:\/\/dvd-vratisinec.hr\/index.php?rest_route=\/wp\/v2\/types\/page"}],"author":[{"embeddable":true,"href":"https:\/\/dvd-vratisinec.hr\/index.php?rest_route=\/wp\/v2\/users\/1"}],"replies":[{"embeddable":true,"href":"https:\/\/dvd-vratisinec.hr\/index.php?rest_route=%2Fwp%2Fv2%2Fcomments&post=31"}],"version-history":[{"count":86,"href":"https:\/\/dvd-vratisinec.hr\/index.php?rest_route=\/wp\/v2\/pages\/31\/revisions"}],"predecessor-version":[{"id":5809,"href":"https:\/\/dvd-vratisinec.hr\/index.php?rest_route=\/wp\/v2\/pages\/31\/revisions\/5809"}],"wp:attachment":[{"href":"https:\/\/dvd-vratisinec.hr\/index.php?rest_route=%2Fwp%2Fv2%2Fmedia&parent=31"}],"curies":[{"name":"wp","href":"https:\/\/api.w.org\/{rel}","templated":true}]}}